st the prime factors of 54.
2, 3
List the prime factors of 28228.
2, 7057
What are the prime factors of 6321?
3, 7, 43
What are the prime factors of 6080?
2, 5, 19
List the prime factors of 120990.
2, 3, 5, 37, 109
List the prime factors of 810.
2, 3, 5
What are the prime factors of 11012?
2, 2753
What are the prime factors of 8472?
2, 3, 353
List the prime factors of 5276.
2, 1319
List the prime factors of 297.
3, 11
List the prime factors of 12174.
2, 3, 2029
List the prime factors of 12051.
3, 13, 103
List the prime factors of 108844.
2, 27211
List the prime factors of 9024.
2, 3, 47
What are the prime factors of 10868?
2, 11, 13, 19
What are the prime factors of 1621?
1621
What are the prime factors of 43786?
2, 21893
List the prime factors of 39972.
2, 3, 3331
What are the prime factors of 566?
2, 283
List the prime factors of 8510.
2, 5, 23, 37
What are the prime factors of 679?
7, 97
List the prime factors of 25.
5
What are the prime factors of 108?
2, 3
What are the prime factors of 149489?
149489
List the prime factors of 5887.
7, 29
What are the prime factors of 2630?
2, 5, 263
What are the prime factors of 19043?
137, 139
What are the prime factors of 74?
2, 37
What are the prime factors of 7389?
3, 821
List the prime factors of 3906.
2, 3, 7, 31
List the prime factors of 185.
5, 37
What are the prime factors of 3411?
3, 379
What are the prime factors of 57690?
2, 3, 5, 641
List the prime factors of 1227.
3, 409
List the prime factors of 656.
2, 41
What are the prime factors of 3791?
17, 223
List the prime factors of 986.
2, 17, 29
What are the prime factors of 24060?
2, 3, 5, 401
What are the prime factors of 100122?
2, 3, 11, 37, 41
What are the prime factors of 1111?
11, 101
List the prime factors of 3514.
2, 7, 251
What are the prime factors of 587?
587
List the prime factors of 19814.
2, 9907
What are the prime factors of 44?
2, 11
What are the prime factors of 47235?
3, 5, 47, 67
List the prime factors of 43460.
2, 5, 41, 53
List the prime factors of 7591.
7591
What are the prime factors of 2186?
2, 1093
What are the prime factors of 24149?
19, 31, 41
List the prime factors of 9267.
3, 3089
What are the prime factors of 1489?
1489
What are the prime factors of 11452?
2, 7, 409
What are the prime factors of 3681?
3, 409
What are the prime factors of 17346?
2, 3, 7, 59
List the prime factors of 48602.
2, 19, 1279
List the prime factors of 211.
211
What are the prime factors of 5820?
2, 3, 5, 97
What are the prime factors of 860?
2, 5, 43
What are the prime factors of 527?
17, 31
List the prime factors of 863.
863
What are the prime factors of 8482?
2, 4241
What are the prime factors of 4218?
2, 3, 19, 37
List the prime factors of 490.
2, 5, 7
List the prime factors of 68634.
2, 3, 31, 41
List the prime factors of 9895.
5, 1979
List the prime factors of 296.
2, 37
What are the prime factors of 16915?
5, 17, 199
List the prime factors of 8457.
3, 2819
What are the prime factors of 5456?
2, 11, 31
What are the prime factors of 86735?
5, 11, 19, 83
What are the prime factors of 5121?
3, 569
What are the prime factors of 10301?
10301
List the prime factors of 16497.
3, 13, 47
What are the prime factors of 26835?
3, 5, 1789
What are the prime factors of 1257?
3, 419
What are the prime factors of 720?
2, 3, 5
What are the prime factors of 444?
2, 3, 37
List the prime factors of 12110.
2, 5, 7, 173
What are the prime factors of 3493?
7, 499
What are the prime factors of 51975?
3, 5, 7, 11
What are the prime factors of 34304?
2, 67
What are the prime factors of 25344?
2, 3, 11
What are the prime factors of 2618?
2, 7, 11, 17
List the prime factors of 5811.
3, 13, 149
What are the prime factors of 1843?
19, 97
List the prime factors of 123.
3, 41
List the prime factors of 61627.
61627
What are the prime factors of 4128?
2, 3, 43
What are the prime factors of 51038?
2, 13, 151
What are the prime factors of 69254?
2, 31, 1117
List the prime factors of 16266.
2, 3, 2711
What are the prime factors of 13175?
5, 17, 31
List the prime factors of 2619.
3, 97
What are the prime factors of 1661?
11, 151
What are the prime factors of 23214?
2, 3, 53, 73
What are the prime factors of 3914?
2, 19, 103
List the prime factors of 9743.
9743
List the prime factors of 58685.
5, 11, 97
What are the prime factors of 87483?
3, 11, 241
What are the prime factors of 7365?
3, 5, 491
What are the prime factors of 28138?
2, 11, 1279
List the prime factors of 935.
5, 11, 17
List the prime factors of 39698.
2, 23, 863
What are the prime factors of 7524?
2, 3, 11, 19
What are the prime factors of 42?
2, 3, 7
What are the prime factors of 22326?
2, 3, 61
List the prime factors of 14252.
2, 7, 509
What are the prime factors of 4652?
2, 1163
What are the prime factors of 6120?
2, 3, 5, 17
What are the prime factors of 1012?
2, 11, 23
List the prime factors of 4279.
11, 389
What are the prime factors of 1363?
29, 47
List the prime factors of 2422.
2, 7, 173
List the prime factors of 10792.
2, 19, 71
List the prime factors of 77.
7, 11
List the prime factors of 3047.
11, 277
List the prime factors of 410.
2, 5, 41
List the prime factors of 12401.
12401
List the prime factors of 11601.
3, 1289
What are the prime factors of 10386?
2, 3, 577
List the prime factors of 37595.
5, 73, 103
What are the prime factors of 13745?
5, 2749
List the prime factors of 53674.
2, 47, 571
What are the prime factors of 18848?
2, 19, 31
What are the prime factors of 30939?
3, 10313
List the prime factors of 73161.
3, 11, 739
What are the prime factors of 127878?
2, 3, 21313
What are the prime factors of 699?
3, 233
List the prime factors of 157502.
2, 61, 1291
List the prime factors of 6037.
6037
What are the prime factors of 5149?
19, 271
List the prime factors of 1692.
2, 3, 47
List the prime factors of 24426.
2, 3, 23, 59
List the prime factors of 709.
709
What are the prime factors of 26863?
26863
What are the prime factors of 4134?
2, 3, 13, 53
What are the prime factors of 1372?
2, 7
List the prime factors of 2031.
3, 677
List the prime factors of 74689.
19, 3931
What are the prime factors of 3126?
2, 3, 521
What are the prime factors of 96401?
96401
List the prime factors of 47.
47
List the prime factors of 133624.
2, 16703
What are the prime factors of 5232?
2, 3, 109
What are the prime factors of 55180?
2, 5, 31, 89
List the prime factors of 10111.
10111
What are the prime factors of 46741?
43, 1087
List the prime factors of 69727.
7, 1423
List the prime factors of 5980.
2, 5, 13, 23
What are the prime factors of 499?
499
List the prime factors of 266.
2, 7, 19
List the prime factors of 7741.
7741
What are the prime factors of 16445?
5, 11, 13, 23
What are the prime factors of 20266?
2, 10133
List the prime factors of 1711.
29, 59
List the prime factors of 16818.
2, 3, 2803
What are the prime factors of 8395?
5, 23, 73
List the prime factors of 55547.
55547
What are the prime factors of 83375?
5, 23, 29
List the prime factors of 498.
2, 3, 83
What are the prime factors of 2039?
2039
What are the prime factors of 394?
2, 197
What are the prime factors of 109568?
2, 107
What are the prime factors of 15311?
61, 251
What are the prime factors of 17637?
3, 5879
List the prime factors of 591.
3, 197
List the prime factors of 10004.
2, 41, 61
What are the prime factors of 17647?
7, 2521
List the prime factors of 66533.
66533
What are the prime factors of 3462?
2, 3, 577
List the prime factors of 17184.
2, 3, 179
List the prime factors of 2746.
2, 1373
What are the prime factors of 12885?
3, 5, 859
What are the prime factors of 1331?
11
List the prime factors of 2258.
2, 1129
What are the prime factors of 6180?
2, 3, 5, 103
List the prime factors of 2796.
2, 3, 233
List the prime factors of 115625.
5, 37
List the prime factors of 26084.
2, 6521
What are the prime factors of 687?
3, 229
List the prime factors of 1358.
2, 7, 97
What are the prime factors of 825?
3, 5, 11
List the prime factors of 877.
877
List the prime factors of 934.
2, 467
List the prime factors of 5602.
2, 2801
What are the prime factors of 33327?
3, 7, 23
List the prime factors of 50290.
2, 5, 47, 107
What are the prime factors of 6826?
2, 3413
List the prime factors of 1662.
2, 3, 277
List the prime factors of 2744.
